
Is (-26)/117 - 10146820/(-180) a prime number?
False
Let y(f) = 10367*f - 570. Is y(8) a composite number?
True
Let i = 6181 - -106. Is i a prime number?
True
Suppose -7261*l + 5082585 = -7246*l. Is l prime?
True
Let a = -167 - -278. Let v = 406 - a. Let i = v + 900. Is i a prime number?
False
Suppose 0 = 10*k - 6*k - 20. Suppose 27531 = k*u - 4*p, 6*p - p = -4*u + 22033. Is u prime?
True
Let y(l) = 5*l + 5. Let u be y(0). Suppose u*h - 4*g + 109 = 0, h - 4 = -5*g - 49. Let t = h + 56. Is t a composite number?
False
Suppose -4*p = 2*v - 16, -4*p = -3*p + 5*v + 5. Let g be (3 - 3)/(1*(p + -2)). Suppose -3*t + t + 1486 = g. Is t a composite number?
False
Let p(r) = -130526*r + 155. Is p(-1) a prime number?
True
Let m(g) = 98*g**2 - g - 2. Let b be m(2). Let q = b + -68. Suppose -4*o = -2*h - 3*o + q, -5*h + 4*o = -797. Is h prime?
False
Is (1/(-1))/(21/(-195482))*3/2 prime?
True
Let j be 1*1421 + 44/(-11). Let r be (-11)/(3*(-5)/15). Suppose r*w - j = 2686. Is w composite?
False
Let d(k) = 354*k + 5. Suppose x + 4*x + r - 454 = 0, -4*x + 356 = -r. Let n = -87 + x. Is d(n) a prime number?
False
Suppose 11*g - 44 = 11. Let v(z) = 8*z**2 + 47*z - 214. Is v(g) a prime number?
False
Let i = 33337 + 21330. Is i a composite number?
False
Let j = 16401 - 30387. Let w = j + 20348. Is w prime?
False
Let b = 149045 + 254598. Is b a composite number?
True
Suppose 0 = 5*g - 4*g - 22. Let j be 928/g + (-2)/11. Is (14/j)/(1/423) composite?
True
Let r = 36 - -261. Suppose -2*k - r = 3*i, 94 + 368 = -3*k + i. Let u = 886 + k. Is u composite?
False
Let i = 3198 + -2349. Is i a prime number?
False
Let v(b) = b**2 - 33*b - 28. Let j be v(34). Suppose -j*g + 17*g - 2783 = 0. Is g a prime number?
False
Suppose 55*z = 71*z - 1892930 - 2867374. Is z prime?
False
Let z = 114347 - 42096. Is z a composite number?
False
Let q(f) = 2102*f + 53. Let r(b) = -6307*b - 157. Let t(u) = 17*q(u) + 6*r(u). Is t(-5) a composite number?
False
Suppose 57*j + 26*j = 1788401. Is j a prime number?
False
Let r = 74604 + -33911. Is r a composite number?
False
Suppose -5*j + 20 = 0, -2*h - 1177 = -3*j + 2289. Let c = 4358 + h. Is c a composite number?
True
Let d be (-2768 - 18/6) + 6. Suppose 5*k + 10299 = -4*p - 8548, 5*p + 23546 = -2*k. Let r = d - p. Is r prime?
False
Suppose -5*l + 64*u + 144593 = 67*u, 2*u + 8 = 0. Is l prime?
True
Is 20*(-1 + 95/20 + -4) + 37548 a composite number?
True
Let u = 463 + -290. Let c = 319 - u. Is c prime?
False
Let x = 40 + -33. Suppose -x*m - 18 - 3 = 0. Is 1151*(1/(-6))/(m/18) a composite number?
False
Suppose -2*m = 5*q - 2845446, 7*m + 3*q - 6936082 - 3022979 = 0. Is m prime?
False
Suppose 4*i - 5*v = 1434, v = -5*i - 4*v + 1815. Let n = 1146 + -615. Suppose 0 = 4*t - i - n. Is t prime?
True
Let u(g) be the first derivative of -23*g**4/24 - 7*g**3 + 8*g**2 + 4. Let s(z) be the second derivative of u(z). Is s(-13) prime?
True
Suppose -5*z + 39613 = 2*c, 0 = -4*c - 4*z + 2*z + 79250. Is c composite?
True
Let q = 19 - 17. Let y be -4*(2 - 7/q). Suppose 2*f - y*f = -5276. Is f composite?
False
Suppose 20*f = 27488 + 24612. Suppose 0*v - f = -3*v - 4*y, 3*y + 1748 = 2*v. Is v composite?
True
Let h be 2 - 202/18 - (-14)/63. Let g be 989/3 + 6/h. Suppose 2*k - 553 = -5*o, 0*o = 3*o + 4*k - g. Is o a prime number?
False
Suppose 0 = -b - 3*k + 17, -3*b - 3*k + 27 = -2*k. Suppose -b*l = -11*l - 5*i + 46219, 4*l = -2*i + 61644. Is l prime?
True
Let u be ((-11528)/16 - -4)*-2. Let d = 1334 + u. Is d composite?
False
Let b(t) be the second derivative of t**4/12 + 7*t**3/6 - 103*t**2/2 - 41*t. Is b(-31) a prime number?
True
Let l = -55 - -49. Let y be (-15)/(180/(-8)) - 26/l. Suppose -1080 = -3*c - 2*s, 2*c = -s + y*s + 736. Is c prime?
False
Suppose -75*h + 1162954 + 3149925 + 2078096 = 0. Is h composite?
False
Let s = -43943 - -81402. Is s composite?
True
Let s = 649 + -649. Suppose s = -13*a + 5560 + 83659. Is a prime?
True
Let l be 13/(-39)*(-2 - 1). Is (-53512)/(-48) + l/12*2 composite?
True
Suppose s - 9905 = -u - 268, 2*s + 4*u = 19274. Is s prime?
False
Suppose 0 = b - 5*h + 16, 0 = -3*b + 2*h - 9. Let z be b/(5/596) - 1/(-5). Is ((-66)/4)/11 + z/(-2) composite?
True
Let b = -2495 - 1009. Is -22 + 24 - b/2 prime?
False
Let s = 301 - 310. Is 24/(-8) - (-9)/(s/(-112)) composite?
False
Let r be ((-4)/(-12))/1*(-36)/(-3). Let h be -3 + (-26)/(-8) + (-40569)/r. Is -5 + h/(-10) - 1/5 a prime number?
True
Let z(o) be the second derivative of 31*o**3/6 - 4*o**2 - 4*o. Let g = -3 - -6. Is z(g) composite?
True
Suppose 4*x - 30*x - 228826 = 0. Let k = x - -15436. Is k a composite number?
True
Let y(f) be the first derivative of 124*f**3 + 13*f**2 - 131*f + 103. Is y(9) a composite number?
True
Suppose 4*q - 3*z = 123959, 3*q + 2*q - 154969 = -3*z. Let k be q/32*(-4)/(-2). Is (k/26)/((-1)/(-22)) a composite number?
True
Let f = -474910 - -2027739. Is f prime?
False
Let t = 26 + -21. Suppose -5*z = -t*h + 10765, 0*z + 16 = 4*z. Is h a prime number?
False
Let a = -1582 + 4595. Is a composite?
True
Is 28/(-77) + (-3)/(-11) + 31360520/44 composite?
False
Suppose 3*h + 440466 = 5*s - 521087, 0 = 19*s + 3*h - 3653815. Is s composite?
False
Let i(o) = o**2 + 17*o + 33. Let n be i(-15). Let b be 100/45 - 4/18. Is (n*(-2762)/(-24))/(b/8) prime?
True
Let z(t) = 6949*t**2 + 92*t + 90. Is z(-1) a composite number?
False
Let u be 8645/14 + 1/(-2). Suppose 15*f + 5 = 16*f, 3*q - 2552 = 2*f. Let d = q + u. Is d prime?
True
Suppose f - 107 = w - 2*f, -3*w - 297 = 3*f. Let r = 580 + w. Is r prime?
True
Let c = 104 + -108. Let m be ((-2)/c)/((-2)/(-12)). Suppose -2*w = m*n + 2*n - 33185, 0 = -w. Is n a composite number?
False
Suppose -2*f = -12*f - 17650. Let r = 5558 + f. Is r a composite number?
False
Let o be -4 + -3 + 4 - -6. Suppose -o*s - 2*z = -1, 0 = 4*s - 5*z + 4*z - 5. Is -1*58*(-2 + s) prime?
False
Let c(f) = 64*f**3 + 161*f**2 - 116*f + 52. Is c(21) prime?
True
Let f(m) = 77*m**3 - 8*m**2 - 83*m + 49. Is f(12) a prime number?
True
Is (8 + 247869/45)/((2 + -1)/5) composite?
False
Suppose 17*t + 8 = 21*t, -i + 3497 = -4*t. Suppose -i = -5*s + z, 2*s + 2*z - 1930 = -528. Is s a composite number?
False
Suppose -187 = -6*w + 11. Is 22848 - (-28 + w)/(0 - -1) a prime number?
False
Let u be 1/((-8)/(-9564)*(-12)/(-8)). Let l = 1706 + u. Is l a prime number?
True
Let b(d) = 8*d**2 + 4*d - 6. Let n be b(-7). Let c = -189 - n. Let f = c + 1032. Is f a composite number?
True
Let f = -37 + 30. Let l = 8 - f. Suppose 2*x - 24 - 31 = -3*o, -x = 4*o - l. Is x a prime number?
False
Let t(c) = 4*c + 318*c**3 - 1033*c**3 - c**2 - 942*c**3 + 5. Is t(-1) composite?
False
Suppose -9*q + 1657 + 3608 = 0. Let t = -411 + q. Suppose t = -v + 2411. Is v prime?
True
Let g be (-129318)/(-35) - (-1)/5. Suppose -5*f = 2*l - 4*f - 3675, 0 = -2*l - 5*f + g. Is l prime?
False
Suppose -58*o + 64*o + 84 = 0. Let c(t) = -3*t**3 + 2*t**2 + 25*t + 11. Is c(o) prime?
False
Let t = 79817 + -46336. Is t composite?
True
Suppose -2152*a = -2202*a + 593150. Is a composite?
False
Let k = -9075 - -48014. Is k composite?
True
Let a(u) = -23*u**3 - 3*u**2 - 11*u + 17. Let j be ((-15)/(-10) + -1)*(0 + -12). Is a(j) a composite number?
False
Let i = 2250 + -17578. Is 63/6*i/(-48) prime?
False
Let h be -4*9/(-12) + 20931. Suppose -9*c = 5*i - 10*c - h, c + 16747 = 4*i. Is i a prime number?
False
Let a = -50 - -54. Let u(o) = -o**2 + 4*o + 8. Let z be u(5). Suppose -k + 5393 = z*l + a*k, -4*k + 1793 = l. Is l composite?
False
Suppose -4*j - 278 + 126 = 0. Is ((-23189)/(-2))/((-19)/j) a composite number?
False
Suppose -4*l + 77295 = -3*h - 304735, 5*l + 3*h - 477551 = 0. Is l composite?
True
Suppose 4*r = -4*l - 60, -3*r + 4*l = 3*l + 25. Let w(o) = 75*o + 2. Let n be w(15). Is n*2/4 + 5/r a prime number?
True
Let m = 195859 + -128490. Is m a prime number?
True
Is 0 + 3*(-7 + 105336) - 10 a prime number?
True
Suppose -2*m - 4730 = 8*m. Let l = m - -846. Is l composite?
False
Let o(h) = h**2 + 16*h - 48. Let q be o(-20). Suppose q*z + 19876 = 36*z. Is z composite?
False
Suppose 0 = 2*l + 3*l - c - 6670, 0 = -5*l - 2*c + 6670. Suppose 3*a - l = -416. Suppose 4*d - a = 2082. Is d a prime number?
False
Let m(u) = 1129*u**3 - 4*u**2 + 83*u - 532. Is m(6) a prime number?
False
Let g = -21425 + 76626. Is g a prime number?
True
